 = -t**3 - t**2 - 2*t + 541. Is c(0) composite?
False
Suppose 2*o + 0*o - 398 = 0. Let w = -112 + o. Is w a composite number?
True
Suppose -2*o + 1586 = -0*o. Let n = -519 + o. Suppose 5*g = 121 + n. Is g prime?
True
Let g(j) = 2 + 1 + 3*j + j**2 - 2*j**2 + 2*j**2. Is g(-5) a composite number?
False
Suppose -4*c = -0*c + 20. Is 6*(0 - c) + 1 a composite number?
False
Suppose 79 + 67 = 2*y. Let u = y - 51. Is u composite?
True
Let w(a) = -599*a - 14. Let s be w(6). Is (3/6)/((-4)/s) a composite number?
True
Suppose 4215 = z + 4*z. Is z a prime number?
False
Suppose 3*x - 1 = 2. Let q(z) = 4*z**2 + z - 1. Let t be q(x). Let n(v) = 2*v**3 - 5*v**2 - 5*v + 5. Is n(t) prime?
False
Let s(b) = -b**2 + 4*b - 5. Suppose -10 = -3*w + 2. Let x be s(w). Let k(a) = -2*a - 7. Is k(x) a prime number?
True
Let o(y) = y**2 + y + 3. Let p = 11 - 8. Is o(p) composite?
True
Is ((-52)/16)/(4/(-3056)) a prime number?
False
Suppose 0 = n + 3*l - 3, -2*n = -3*n - 2*l + 4. Let a be 4/n + 63/27. Suppose -3*i + 355 = i - a*w, i + 4*w = 103. Is i a composite number?
True
Suppose -a - 4 = 4*a - 4*o, 2*a - 4*o + 4 = 0. Let g be -2 + 12/3 - a. Suppose 117 = l + g*l. Is l prime?
False
Suppose 7*s - 4*s = 4*v - 1669, -s + 1242 = 3*v. Is v a prime number?
False
Suppose -296 + 18 = -a. Is a a prime number?
False
Suppose -4*q - 4*c + 384 = 0, 490 = 5*q - 8*c + 3*c. Is q prime?
True
Is (1 - 4)/1 + 80 composite?
True
Let p be (-320)/(-50) - 4/10. Suppose 0 = p*y - 3*y. Suppose 4*u - 37 - 99 = y. Is u a composite number?
True
Suppose 663 = 4*n - 221. Is n a composite number?
True
Suppose 0 = -2*f + 2*h + 746, -3*h + 0*h + 12 = 0. Is f composite?
True
Is 1/(-1)*(-122 + -20) composite?
True
Suppose 2*b + 2403 = -b. Let t = b + 1178. Is t a prime number?
False
Suppose 2*c + 3*m = 3566, -4*c + 2430 + 4666 = -3*m. Is c prime?
True
Suppose -2*b - w + 226 = 0, 4*b + 2*w - 452 = 6*w. Is b prime?
True
Let v(z) = 160*z - 1. Let u be 3*(10/6)/5. Is v(u) composite?
True
Suppose 7*q - 3*q - 104 = 0. Is q a composite number?
True
Let m(k) = 4*k + 2. Let l be m(2). Suppose 3*v = -5*j + 25, -v + 5*j - 11 = 14. Let y = l - v. Is y a composite number?
True
Suppose 0 = 2*r + r - 2*u - 2, r - 5*u = -21. Is 705/12 - (-1)/r a composite number?
False
Suppose 3*c = 2*k + 9 + 7, 2*c + 5*k = -21. Is (c - 147/(-6))*2 prime?
True
Let q = 2772 - 1513. Let h = q - 561. Let j = -495 + h. Is j prime?
False
Is 231 - ((-8)/(-4) + -6) prime?
False
Suppose -2*g + 15 = -57. Let q = 67 - g. Is q a composite number?
False
Suppose 0 = s - 4*q - 1149, 0 = 5*q + 6 + 9. Is s composite?
True
Suppose -5*r - 5*h = -11400, -3*r + 6880 = -5*h - 0*h. Is r a composite number?
True
Let c be (6/(-4))/(3/162). Let h = c + 208. Is h composite?
False
Is (12/(-8))/((-18)/5244) a prime number?
False
Let i = -1 - -4. Suppose 2*g + 1374 = 5*f + 3*g, 3*f = g + 826. Suppose 2*m = -i*m + f. Is m a prime number?
False
Let i(w) = w**2 - 5*w - 7. Is i(10) a composite number?
False
Let k = -56 - -102. Let c(j) = -j**2 + 8*j + 3. Let i be c(6). Let v = k - i. Is v composite?
False
Suppose z - f = 4*z - 35, 4*f - 60 = -4*z. Suppose -7*n = -z*n + 9. Suppose -4*c + 129 = n*a - 98, -133 = -2*c + 5*a. Is c composite?
False
Let q(y) = 2*y + 1. Let d be q(1). Suppose 0 = d*c - 3*p + 9, -4*c - 6 = p - 2*p. Is ((-3)/(-9))/(c/(-93)) composite?
False
Suppose -2*z + 3*q = -0*q - 1064, 5*q = 4*z - 2130. Is z composite?
True
Let d = 29 + -17. Is (8/d)/((-4)/(-282)) composite?
False
Suppose 444 = 2*f - 5774. Is f a prime number?
True
Let w = 13 + -23. Let m = w - -14. Suppose m*s - 2*s = 38. Is s composite?
False
Let m(a) = a**2 + 161. Is m(0) composite?
True
Let x = 288 - 194. Is x prime?
False
Let q be (56/(-10) - -2)*40. Let u = -86 - q. Is u a prime number?
False
Let z = 59 + -92. Let c = -20 - z. Is c composite?
False
Suppose 0*u + 618 = 3*u + 5*h, -2*u - 4*h + 410 = 0. Is u a composite number?
False
Is (2 - 4)/((-2)/1126) a prime number?
False
Let i be (-15)/(-10) - (-403)/(-2). Let u = i - -295. Is u a composite number?
True
Let i = -41 + 218. Is i prime?
False
Suppose -m - 65 = -6*m. Suppose -m = -5*n - 133. Let r = -5 - n. Is r a prime number?
True
Let a(k) = 3*k + 30. Let v(p) = -p - 10. Let x(m) = -6*a(m) - 17*v(m). Let w be x(-5). Is (1 - 0)/(w/(-215)) composite?
False
Let k be (-6)/8 + 2/(-8). Let n(j) = -j**2 + j + 24. Let t be n(0). Is (3/k - -1) + t a prime number?
False
Let x be (-65)/30 + 1/6. Is 363*((-8)/12)/x composite?
True
Let p(l) = -14*l. Suppose -4 = b - 12. Suppose -b + 3 = 5*t. Is p(t) a prime number?
False
Let i be -2*((-3)/(-2) + 0). Is ((-1)/i)/(2/66) composite?
False
Let c(j) be the second derivative of 5*j**4/12 + j**3/6 - 7*j**2/2 + 4*j. Is c(-5) composite?
False
Suppose -2*j = -j - 139. Is j a composite number?
False
Let h(p) be the first derivative of -p**4/4 + 7*p**3/3 - 3*p**2 + 3*p - 1. Let s be (-6)/(-8) - (-3 - 36/16). Is h(s) a composite number?
False
Let p = 587 + -272. Suppose 5*j = p - 20. Is j composite?
False
Suppose 9 = -3*f, 5*r - 5*f - 2200 = -300. Is r prime?
False
Let w(t) = 27*t - 9. Let f be w(8). Suppose 0 = b - p - p - 57, -3*b = 3*p - f. Is b a prime number?
False
Let m(l) = -5*l. Let z be m(-1). Suppose 3*d = -z*j + 424, -d = d - j - 287. Is d a prime number?
False
Let l(q) = -q - 5. Let t be l(-9). Suppose -13 - 15 = -t*o. Is o composite?
False
Let w = 620 + -439. Is w a prime number?
True
Let o = -4 - -20. Suppose o*i + 951 = 19*i. Is i a prime number?
True
Suppose -36 = -5*v - 4*n, 5*n = 4*v + 2*n - 4. Suppose 258 = 3*f - v*m + 9*m, -m = -3*f + 276. Is f a prime number?
False
Suppose 3*f + 4*c = 724, 0 = -c + 5 - 1. Let z = f - 139. Is z a prime number?
True
Suppose 5*m + 0*r + r + 10 = 0, 20 = -4*r. Let h be ((-25)/(-20))/(m/(-4)). Suppose 0*w + h*w = 235. Is w composite?
False
Let a be (-2)/(1 + 1 - 1). Let b = a - -7. Let w(v) = v + 1. Is w(b) a prime number?
False
Let b(l) = 2*l - 7. Let r be b(5). Suppose -r*a = -166 - 389. Is a a prime number?
False
Let a be 3 - (-2)/(-6)*3. Let r be 9/(a - (-7)/(-2)). Is ((-38)/2)/(r/6) prime?
True
Let y(d) = -d**2 - 20*d - 9. Let u(f) = -f**3 + 7*f**2 - 9*f + 5. Let k be u(6). Is y(k) prime?
False
Suppose 0 = -4*a + 2*v + 3038, 0 = a + v - 272 - 480. Is a prime?
True
Suppose 0 = 2*q - 3*v - 28 - 11, 2*q - 51 = -v. Suppose -6*z = -4*z - 4. Suppose -z*a - q + 86 = 0. Is a a composite number?
False
Let y = -2 + 203. Is y prime?
False
Let d(q) = 15*q**3 + q**2 - 5*q - 3. Is d(4) a prime number?
True
Let r be (-110)/4*6 - 2. Let b = 236 + r. Is b a prime number?
False
Let x(a) = a**2 + 2*a + 413. Is x(0) a prime number?
False
Suppose 3*f - 1 = 5. Suppose -m - 4*g + 189 = 10, -5*m + 1005 = -f*g. Is m a composite number?
False
Suppose 0 = -5*q + 4*o + 18227, -5*q - 8*o + 7*o = -18212. Is q a composite number?
False
Suppose 0 = -0*n + 5*n - 15. Suppose -12 = 4*t, p + n*t - 8 = 144. Is p composite?
True
Let o = -2 + 8. Suppose -2*x - o = -56. Is x composite?
True
Let q(r) = 109*r**2 - 6*r - 7. Is q(-4) prime?
False
Let g = -588 + 977. Is g prime?
True
Suppose g - l = 84, 4*g - 2*l = -4*l + 342. Suppose -g + 27 = -d. Is d composite?
True
Let n be 3/(-2)*(-852)/9. Suppose -4*w + n + 94 = 0. Is w prime?
True
Suppose 0 = 14*q - q - 14521. Is q a prime number?
True
Suppose 2*u - 16 = -18. Is ((-2)/(-6))/(u/(-66)) prime?
False
Is (5/(-4))/5 + (-5253)/(-4) prime?
False
Let g(s) = -s**3 - 6*s**2 - 2*s - 8. Let y be g(-6). Is (-2)/y*(-497 + -9) prime?
False
Let w be ((-4)/(56/(-21)))/(3/(-16)). Let q = 50 - 89. Let g = w - q. Is g prime?
True
Let s(y) = y**3 + 8*y**2 + 8*y + 5. Let c = 15 + -22. Let n be s(c). Is (0 + -7)/(1/n) composite?
True
Is ((-1)/3)/(4/(-3708)) a prime number?
False
Let x = 130 + 1. Is x prime?
True
Suppose 0*f = -f + 175. Suppose 4*a - 2*m = 5*a - 41, f = 5*a + 4*m. Is a prime?
True
Suppose 45 = 2*p + 3*p. Let k(d) = -7*d**2 + 3*d + 5*d**2 - 5 - d**3 + p*d**2. Is k(6) a prime number?
False
Is 14/(-21)*5769/(-6) prime?
True
Let v be (0 - -1)*3/1. Suppose b - v*b = -46. Is b a prime number?
True
Let y(w) = 73*w + 1. Let l be y(1). Suppose -v + l = v. Suppose -2*a + 33 = -v. Is a a prime number?
False
Let y = 2093 - 144. Is y a composite number?
False
Suppose 4*h + 2*a = 3646, -h + 4*h - 3*a - 2730 = 0. Is h a composite number?
False
Suppose -w = 3*w. S